highest common factor of 6720 and 1085?
35
Calculate the greatest common divisor of 30832 and 336.
16
What is the highest common divisor of 1648 and 47689?
103
What is the greatest common divisor of 50204 and 14?
14
What is the highest common divisor of 127273 and 548?
137
Calculate the greatest common factor of 609 and 344400.
21
What is the highest common divisor of 15 and 3097245?
15
What is the greatest common factor of 24160 and 17480?
40
Calculate the highest common divisor of 36 and 449370.
18
What is the greatest common divisor of 158949 and 4872?
609
What is the highest common factor of 480 and 8490?
30
Calculate the highest common factor of 233872 and 376.
376
What is the highest common divisor of 213150 and 87?
87
What is the highest common divisor of 2908 and 486?
2
What is the highest common divisor of 69 and 2286154?
23
What is the greatest common divisor of 28953 and 2979?
9
What is the highest common factor of 548 and 450319?
137
What is the highest common divisor of 356 and 13439?
89
What is the greatest common factor of 89208 and 413?
413
What is the greatest common divisor of 136 and 7972?
4
What is the highest common divisor of 25380 and 28620?
540
What is the highest common factor of 28 and 155484?
28
Calculate the greatest common divisor of 308 and 3878.
14
What is the highest common divisor of 331409 and 159?
53
Calculate the greatest common divisor of 66 and 10218.
6
What is the highest common divisor of 196 and 12285?
7
Calculate the highest common divisor of 978 and 198.
6
What is the highest common divisor of 3927 and 1848?
231
Calculate the highest common divisor of 1005 and 180.
15
What is the highest common divisor of 418014 and 27?
27
Calculate the highest common divisor of 884 and 346052.
68
What is the greatest common factor of 38363 and 26?
13
What is the highest common factor of 1228 and 7957440?
1228
What is the highest common divisor of 22086 and 216?
54
Calculate the greatest common factor of 43872 and 96.
96
What is the greatest common divisor of 120574 and 2?
2
What is the highest common factor of 135 and 89235?
135
What is the greatest common factor of 453 and 1669607?
151
Calculate the greatest common divisor of 3260 and 695.
5
Calculate the greatest common divisor of 5 and 2111695.
5
What is the greatest common divisor of 3708 and 12396?
12
Calculate the highest common divisor of 11080 and 8.
8
Calculate the highest common divisor of 12 and 4404.
12
What is the greatest common divisor of 237 and 2066087?
79
Calculate the greatest common divisor of 9810 and 180.
90
What is the greatest common factor of 29561 and 5047?
721
What is the highest common divisor of 494 and 141759?
19
What is the highest common factor of 159282 and 54?
18
What is the highest common factor of 41 and 9825568?
41
Calculate the highest common divisor of 16340 and 25800.
860
Calculate the greatest common factor of 172159 and 11152.
697
What is the highest common divisor of 11400 and 13740?
60
Calculate the highest common factor of 8 and 75128.
8
What is the greatest common factor of 109186 and 112?
14
What is the greatest common divisor of 106820 and 180?
20
What is the highest common factor of 160 and 115344?
16
Calculate the highest common divisor of 242 and 12463.
121
Calculate the highest common divisor of 91455 and 23115.
1005
What is the highest common factor of 658 and 14288?
94
What is the highest common factor of 9 and 535245?
3
What is the highest common divisor of 735987 and 694?
347
What is the greatest common divisor of 9855584 and 146?
146
Calculate the highest common factor of 629 and 80682.
17
Calculate the greatest common factor of 3562 and 8357.
137
What is the highest common factor of 3795 and 965195?
1265
Calculate the greatest common divisor of 65469 and 2502.
417
Calculate the greatest common divisor of 42228 and 253.
23
Calculate the greatest common factor of 9 and 8802711.
9
What is the highest common divisor of 380854 and 30907?
997
What is the highest common divisor of 10795 and 284480?
635
What is the greatest common divisor of 222430 and 60?
10
Calculate the highest common factor of 5751 and 163797.
213
What is the highest common divisor of 252 and 68868?
36
What is the highest common divisor of 72 and 6284?
4
What is the highest common factor of 15394 and 344?
86
Calculate the greatest common divisor of 26751 and 888.
111
What is the highest common factor of 6370 and 110201?
637
What is the greatest common divisor of 455 and 22631?
7
What is the highest common divisor of 91442 and 26?
26
Calculate the highest common divisor of 30527 and 63.
7
What is the greatest common divisor of 414626 and 2274?
758
What is the greatest common factor of 18846 and 16794?
54
What is the highest common factor of 77712 and 48?
48
What is the greatest common factor of 2737 and 427?
7
Calculate the highest common factor of 2658973 and 41.
41
Calculate the highest common factor of 77220 and 87120.
1980
What is the highest common divisor of 145319 and 1682?
29
Calculate the greatest common factor of 192 and 906.
6
Calculate the greatest common factor of 55 and 2390630.
55
Calculate the greatest common factor of 17108 and 50596.
364
What is the highest common divisor of 61312 and 1664?
128
What is the highest common factor of 21463 and 4225?
169
Calculate the highest common factor of 4728 and 10312.
8
What is the greatest common divisor of 6165 and 555?
15
What is the highest common factor of 60314 and 1696?
106
Calculate the greatest common divisor of 8213567 and 1003.
1003
Calculate the greatest common divisor of 102097 and 5.
1
Calculate the highest common divisor of 391670 and 2650.
530
Calculate the highest common divisor of 2991 and 27.
3
What is the highest common factor of 270 and 9666?
54
What is the highest common divisor of 60396 and 231?
21
What is the highest common divisor of 353497 and 83?
83
What is the highest common divisor of 34677 and 72?
9
What is the greatest common divisor of 88404 and 3816?
636
Calculate the highest common factor of 1413 and 81.
9
Calculate the greatest common factor of 2235 and 10545.
15
What is the greatest common factor of 34 and 997237?
17
Calculate the highest common divisor of 46780 and 20.
20
What is the highest common divisor of 9321 and 2106?
39
Calculate the highest common factor of 47011 and 70960.
887
Calculate the highest common factor of 33200 and 2573.
83
Calculate the highest common factor of 1092 and 295659.
273
Calculate the greatest common factor of 8 and 716292.
4
Calculate the highest common divisor of 32499 and 432.
9
Calculate the highest common divisor of 113031 and 342.
171
Calculate the greatest common factor of 1539 and 1311.
57
Calculate the highest common factor of 73302 and 152.
38
Calculate the greatest common factor of 215 and 209840.
215
What is the greatest common divisor of 434700 and 15300?
900
What is the greatest common factor of 1638 and 11284?
182
What is the greatest common divisor of 570 and 160455?
285
Calculate the highest common divisor of 980 and 10180.
20
What is the greatest common factor of 1407 and 3216?
201
What is the greatest common divisor of 1230 and 50?
10
What is the highest common factor of 1781791 and 1892?
473
Calculate the highest common divisor of 270456 and 767.
59
Calculate the highest common factor of 524 and 8604.
4
What is the highest common divisor of 8662 and 1562?
142
What is the highest common divisor of 426307 and 7?
7
Calculate the greatest common factor of 31 and 215295.
31
What is the highest common divisor of 1000 and 712?
8
Calculate the highest common divisor of 49 and 3969.
49
Calculate the greatest common divisor of 174 and 2850.
6
What is the highest common divisor of 69 and 44229?
69
What is the highest common divisor of 46688 and 1312?
32
What is the highest common divisor of 91057 and 14467?
851
What is the greatest common factor of 15795415 and 685?
685
Calculate the greatest common divisor of 140 and 5466888.
28
Calculate the greatest common divisor of 435 and 24099.
87
What is the greatest common factor of 118417 and 39?
13
Calculate the greatest common factor of 5 and 1637.
1
Calculate the greatest common factor of 303012 and 24.
12
Calculate the highest common divisor of 79 and 367.
1
Calculat